 number?
True
Is 2935493 prime?
False
Is 7933561 a composite number?
True
Is 17414459 a prime number?
True
Is 361091 prime?
True
Is 17771597 composite?
False
Is 50296681 composite?
False
Is 1984421 composite?
True
Is 9108797 composite?
False
Is 48234991 a composite number?
True
Is 15349219 a composite number?
False
Is 3377189 a prime number?
True
Is 5965717 prime?
False
Is 69284561 composite?
False
Is 5367287 composite?
False
Is 2042347 composite?
False
Is 345038587 prime?
False
Is 39757 a prime number?
False
Is 220447 a prime number?
True
Is 11968466 composite?
True
Is 1981247 prime?
True
Is 13631857 prime?
True
Is 25248271 a prime number?
True
Is 180053683 a composite number?
True
Is 548054821 prime?
False
Is 28663631 a composite number?
False
Is 9341201 composite?
False
Is 188931599 a composite number?
False
Is 33980029 a composite number?
True
Is 22968277 composite?
True
Is 94205305 composite?
True
Is 1452095 a composite number?
True
Is 6040767 prime?
False
Is 1463799 a composite number?
True
Is 18233062 a composite number?
True
Is 2041283 composite?
False
Is 1141521701 a prime number?
True
Is 56995319 a composite number?
True
Is 2268499 a composite number?
True
Is 27662863 composite?
False
Is 81038161 a composite number?
False
Is 19766969 prime?
True
Is 14111473 prime?
False
Is 373067 a composite number?
True
Is 1063213 composite?
False
Is 66535465 a composite number?
True
Is 17928563 a prime number?
True
Is 162562 a prime number?
False
Is 60876427 a composite number?
True
Is 178271 a prime number?
False
Is 44818 composite?
True
Is 41272867 prime?
True
Is 8188547 prime?
True
Is 98573911 prime?
True
Is 69212393 a composite number?
False
Is 285453535 a composite number?
True
Is 48700277 a prime number?
False
Is 930238 composite?
True
Is 71845769 a prime number?
True
Is 51500389 a prime number?
True
Is 123559561 prime?
False
Is 6685637 a composite number?
True
Is 18899957 prime?
False
Is 8496047 a prime number?
False
Is 3680917 a composite number?
False
Is 226099481 prime?
True
Is 6565591 composite?
True
Is 913467 a prime number?
False
Is 1190359 prime?
True
Is 2754239 prime?
True
Is 45343099 prime?
True
Is 872401 a composite number?
True
Is 2498311 a composite number?
True
Is 74551721 prime?
False
Is 146009387 prime?
True
Is 21990887 prime?
True
Is 5871727 a composite number?
False
Is 17441707 composite?
False
Is 5223587 composite?
True
Is 2214731 prime?
True
Is 142283 composite?
True
Is 29838899 a prime number?
True
Is 171724445 prime?
False
Is 6655541 composite?
False
Is 23739013 a composite number?
True
Is 1518677 a prime number?
True
Is 14669591 a prime number?
True
Is 866840159 prime?
True
Is 9870781 prime?
False
Is 9866371 prime?
False
Is 5826251 a prime number?
True
Is 6899179 a prime number?
False
Is 5622941 a composite number?
False
Is 275291447 a prime number?
True
Is 4717049 composite?
False
Is 9312313 a composite number?
False
Is 826271 composite?
False
Is 15492053 a prime number?
False
Is 88974493 prime?
True
Is 243665893 prime?
True
Is 177293647 composite?
False
Is 12536231 composite?
False
Is 3155989 prime?
False
Is 65642063 composite?
True
Is 1787087 a prime number?
True
Is 319027 prime?
True
Is 105487607 composite?
False
Is 6910615 a composite number?
True
Is 12027157 composite?
True
Is 2383259 a composite number?
True
Is 64981427 a prime number?
False
Is 16671509 a prime number?
False
Is 30125321 prime?
True
Is 2710265 composite?
True
Is 367624163 a composite number?
True
Is 5086499 prime?
False
Is 829331 composite?
True
Is 730663 composite?
False
Is 71029659 a prime number?
False
Is 2119357733 a prime number?
True
Is 35722079 composite?
False
Is 8127979 a prime number?
True
Is 12176209 a composite number?
False
Is 460892051 a composite number?
False
Is 29673073 a prime number?
True
Is 30537487 composite?
True
Is 5276149 a composite number?
False
Is 8653693 a prime number?
False
Is 12685411 a prime number?
True
Is 12185473 a prime number?
False
Is 2157422 composite?
True
Is 8960713 a composite number?
False
Is 14778089 a composite number?
False
Is 235783 composite?
False
Is 531406 a prime number?
False
Is 4397249 composite?
False
Is 58778873 composite?
False
Is 324113 a composite number?
False
Is 6043661 composite?
True
Is 65972687 prime?
False
Is 14676567 composite?
True
Is 31896511 composite?
True
Is 65848907 prime?
True
Is 3077293 a composite number?
False
Is 5658605 composite?
True
Is 63937551 a composite number?
True
Is 5085634 prime?
False
Is 3103757 a prime number?
True
Is 101861395 composite?
True
Is 563685965 a prime number?
False
Is 370009 a prime number?
True
Is 111978137 a composite number?
False
Is 5600435 a composite number?
True
Is 15470267 a composite number?
False
Is 19009699 a composite number?
True
Is 253332295 composite?
True
Is 51009121 a prime number?
True
Is 19472998 prime?
False
Is 2407687 composite?
False
Is 37865533 composite?
True
Is 2751773 prime?
False
Is 50560151 a prime number?
True
Is 676603 prime?
False
Is 15860791 a prime number?
True
Is 1011937 composite?
False
Is 317832023 a composite number?
True
Is 394231249 prime?
False
Is 6407633 a prime number?
False
Is 40384802 composite?
True
Is 628158603 composite?
True
Is 970369 composite?
True
Is 12702419 composite?
False
Is 15569291 composite?
False
Is 78922387 a composite number?
True
Is 115864921 composite?
False
Is 375673787 composite?
False
Is 20240531 composite?
False
Is 30766487 composite?
False
Is 4054537 a prime number?
True
Is 3452203 a composite number?
False
Is 12406903 a prime number?
False
Is 1266677 composite?
False
Is 2063279 prime?
True
Is 52336433 composite?
True
Is 161633323 a composite number?
True
Is 437295059 a composite number?
False
Is 9523243 a prime number?
True
Is 691205311 a prime number?
False
Is 43953109 composite?
True
Is 755366269 a composite number?
True
Is 268503 prime?
False
Is 78828027 a prime number?
False
Is 7986307 a prime number?
False
Is 29359795 a prime number?
False
Is 2669077 prime?
True
Is 112563557 prime?
True
Is 283880221 a composite number?
False
Is 5458997 a prime number?
False
Is 388546279 a prime number?
False
Is 216779711 composite?
True
Is 228986881 composite?
True
Is 46635313 prime?
True
Is 632090729 composite?
True
Is 505207177 prime?
True
Is 2995093 prime?
True
Is 10763273 composite?
False
Is 20284937 prime?
True
Is 20386037 a prime number?
False
Is 53293049 prime?
True
Is 91118515 composite?
True
Is 7426865 a composite number?
True
Is 505199927 a composite number?
False
Is 834922891 a composite number?
True
Is 24288142 a prime number?
False
Is 161959793 composite?
False
Is 209508107 a prime number?
True
Is 180796087 composite?
False
Is 51293959 a prime number?
True
Is 2126027 a prime number?
True
Is 16512037 prime?
False
Is 71879 prime?
True
Is 17723077 a prime number?
False
Is 18343387 a prime number?
True
Is 8634133 composite?
False
Is 7870937 a composite number?
False
Is 39408049 a composite number?
False
Is 2599543 prime?
True
Is 409600661 a composite number?
True
Is 11972117 composite?
True
Is 282089923 a prime number?
False
Is 24593609 a composite number?
False
Is 3082141 composite?
True
Is 38190749 a composite number?
True
Is 1061393 composite?
False
Is 11041769 composite?
False
Is 123645163 a composite number?
True
Is 1723421 a prime number?
False
Is 39364867 composite?
False
Is 13908809 prime?
False
Is 105836791 prime?
False
Is 10291081 prime?
True
Is 10948277 composite?
False
Is 11874689 prime?
True
Is 97970021 a composite number?
True
Is 8567969 prime?
True
Is 713597 prime?
True
Is 20629495 prime?
False
Is 29090899 a composite number?
True
Is 8098359 composite?
True
Is 3291437 composite?
False
Is 12574039 a prime number?
True
Is 49326913 a composite number?
False
Is 3592213 a composite number?
False
Is 2391401 a composite number?
False
Is 42002 prime?
False
Is 1489357 a composite number?
True
Is 720491 prime?
True
Is 83900919 a composite number?
True
Is 18143887 a composite number?
True
Is 8513353 a composite number?
True
Is 34501183 a composite number?
True
Is 1800632443 composite?
False
Is 808649 prime?
False
Is 1682141 composite?
True
Is 8150447 composite?
False
Is 237309719 a prime number?
True
Is 1881251 composite?
True
Is 22713889 composite?
True
Is 86663 a composite